{"id":13,"date":"2024-12-18T17:08:55","date_gmt":"2024-12-18T17:08:55","guid":{"rendered":"https:\/\/dev.goodseedeurope.com\/?page_id=13"},"modified":"2024-12-19T23:08:55","modified_gmt":"2024-12-19T23:08:55","slug":"bucher-und-mehr","status":"publish","type":"page","link":"https:\/\/dev.goodseedeurope.com\/?page_id=13","title":{"rendered":"B\u00fccher und mehr"},"content":{"rendered":"\n<figure class=\"wp-block-image alignfull size-large\"><img loading=\"lazy\" decoding=\"async\" width=\"1024\" height=\"397\" src=\"https:\/\/dev.goodseedeurope.com\/wp-content\/uploads\/2024\/12\/books-brighter-1024x397.jpg\" alt=\"\" class=\"wp-image-14\" srcset=\"https:\/\/dev.goodseedeurope.com\/wp-content\/uploads\/2024\/12\/books-brighter-1024x397.jpg 1024w, https:\/\/dev.goodseedeurope.com\/wp-content\/uploads\/2024\/12\/books-brighter-300x116.jpg 300w, https:\/\/dev.goodseedeurope.com\/wp-content\/uploads\/2024\/12\/books-brighter-768x298.jpg 768w, https:\/\/dev.goodseedeurope.com\/wp-content\/uploads\/2024\/12\/books-brighter-1536x595.jpg 1536w, https:\/\/dev.goodseedeurope.com\/wp-content\/uploads\/2024\/12\/books-brighter.jpg 2000w\" sizes=\"auto, (max-width: 1024px) 100vw, 1024px\" \/><\/figure>\n\n\n\n<p><\/p>\n\n\n\n<div class=\"wp-block-group has-global-padding is-layout-constrained wp-container-core-group-is-layout-d5d53815 wp-block-group-is-layout-constrained\" style=\"border-width:1px;border-radius:6px;margin-top:0;margin-bottom:0;padding-top:var(--wp--preset--spacing--30);padding-right:var(--wp--preset--spacing--30);padding-bottom:var(--wp--preset--spacing--30);padding-left:var(--wp--preset--spacing--30)\">\n<div class=\"wp-block-columns is-layout-flex wp-container-core-columns-is-layout-28f84493 wp-block-columns-is-layout-flex\">\n<div class=\"wp-block-column is-layout-flow wp-block-column-is-layout-flow\">\n<p>Die Medien von GoodSeed wurden insbesondere f\u00fcr Evangelisation und J\u00fcngerschaft entworfen.<\/p>\n\n\n\n<p id=\"u1772-4\">In deutscher Sprache sind momentan folgende B\u00fccher erh\u00e4ltlich:<\/p>\n<\/div>\n\n\n\n<div class=\"wp-block-column is-layout-flow wp-block-column-is-layout-flow\">\n<div class=\"wp-block-columns is-layout-flex wp-container-core-columns-is-layout-28f84493 wp-block-columns-is-layout-flex\">\n<div class=\"wp-block-column is-layout-flow wp-block-column-is-layout-flow\">\n<figure class=\"wp-block-image size-medium\"><a href=\"https:\/\/dev.goodseedeurope.com\/?page_id=122\"><img loading=\"lazy\" decoding=\"async\" width=\"178\" height=\"300\" src=\"https:\/\/dev.goodseedeurope.com\/wp-content\/uploads\/2024\/12\/str_german_020005_front-178x300.png\" alt=\"\" class=\"wp-image-64\" srcset=\"https:\/\/dev.goodseedeurope.com\/wp-content\/uploads\/2024\/12\/str_german_020005_front-178x300.png 178w, https:\/\/dev.goodseedeurope.com\/wp-content\/uploads\/2024\/12\/str_german_020005_front.png 278w\" sizes=\"auto, (max-width: 178px) 100vw, 178px\" \/><\/a><\/figure>\n<\/div>\n\n\n\n<div class=\"wp-block-column is-layout-flow wp-block-column-is-layout-flow\">\n<figure class=\"wp-block-image size-medium\"><img loading=\"lazy\" decoding=\"async\" width=\"178\" height=\"300\" src=\"https:\/\/dev.goodseedeurope.com\/wp-content\/uploads\/2024\/12\/btn_german_040008_front-178x300.png\" alt=\"\" class=\"wp-image-65\" srcset=\"https:\/\/dev.goodseedeurope.com\/wp-content\/uploads\/2024\/12\/btn_german_040008_front-178x300.png 178w, https:\/\/dev.goodseedeurope.com\/wp-content\/uploads\/2024\/12\/btn_german_040008_front.png 278w\" sizes=\"auto, (max-width: 178px) 100vw, 178px\" \/><\/figure>\n<\/div>\n\n\n\n<div class=\"wp-block-column is-layout-flow wp-block-column-is-layout-flow\">\n<figure class=\"wp-block-image size-thumbnail\"><img loading=\"lazy\" decoding=\"async\" width=\"150\" height=\"150\" src=\"https:\/\/dev.goodseedeurope.com\/wp-content\/uploads\/2024\/12\/lamb_german_softcover_050024_front-150x150.png\" alt=\"\" class=\"wp-image-66\" style=\"object-fit:cover\"\/><\/figure>\n<\/div>\n<\/div>\n<\/div>\n<\/div>\n\n\n\n<div class=\"wp-block-buttons is-layout-flex wp-block-buttons-is-layout-flex\">\n<div class=\"wp-block-button is-style-outline is-style-outline--1\"><a class=\"wp-block-button__link wp-element-button\" href=\"https:\/\/dev.goodseedeurope.com\/?page_id=122\">Der Fremde auf dem <br>Weg nach Emmaus<\/a><\/div>\n\n\n\n<div class=\"wp-block-button is-style-outline is-style-outline--2\"><a class=\"wp-block-button__link wp-element-button\" href=\"https:\/\/dev.goodseedeurope.com\/?page_id=103\">Der Versprochene<\/a><\/div>\n\n\n\n<div class=\"wp-block-button is-style-outline is-style-outline--3\"><a class=\"wp-block-button__link wp-element-button\" href=\"https:\/\/dev.goodseedeurope.com\/?page_id=130\">Das Lamm<\/a><\/div>\n<\/div>\n<\/div>\n\n\n\n<p><\/p>\n\n\n\n<div class=\"wp-block-group has-global-padding is-layout-constrained wp-container-core-group-is-layout-d5d53815 wp-block-group-is-layout-constrained\" style=\"border-width:1px;border-radius:6px;margin-top:0;margin-bottom:0;padding-top:var(--wp--preset--spacing--30);padding-right:var(--wp--preset--spacing--30);padding-bottom:var(--wp--preset--spacing--30);padding-left:var(--wp--preset--spacing--30)\">\n<div class=\"wp-block-columns is-layout-flex wp-container-core-columns-is-layout-28f84493 wp-block-columns-is-layout-flex\">\n<div class=\"wp-block-column is-layout-flow wp-block-column-is-layout-flow\">\n<p>Sollten Sie jedoch Freunde oder Bekannte haben, deren Muttersprache nicht Deutsch ist, dann werfen Sie einen Blick auf unsere anderen Sprachen.<\/p>\n<\/div>\n\n\n\n<div class=\"wp-block-column is-layout-flow wp-block-column-is-layout-flow\">\n<figure class=\"wp-block-image size-large\"><img loading=\"lazy\" decoding=\"async\" width=\"1024\" height=\"557\" src=\"https:\/\/dev.goodseedeurope.com\/wp-content\/uploads\/2024\/12\/giveaway-bundle-1024x557.jpg\" alt=\"\" class=\"wp-image-47\" srcset=\"https:\/\/dev.goodseedeurope.com\/wp-content\/uploads\/2024\/12\/giveaway-bundle-1024x557.jpg 1024w, https:\/\/dev.goodseedeurope.com\/wp-content\/uploads\/2024\/12\/giveaway-bundle-300x163.jpg 300w, https:\/\/dev.goodseedeurope.com\/wp-content\/uploads\/2024\/12\/giveaway-bundle-768x418.jpg 768w, https:\/\/dev.goodseedeurope.com\/wp-content\/uploads\/2024\/12\/giveaway-bundle-1536x836.jpg 1536w, https:\/\/dev.goodseedeurope.com\/wp-content\/uploads\/2024\/12\/giveaway-bundle-2048x1115.jpg 2048w\" sizes=\"auto, (max-width: 1024px) 100vw, 1024px\" \/><\/figure>\n\n\n\n<div class=\"wp-block-columns is-layout-flex wp-container-core-columns-is-layout-28f84493 wp-block-columns-is-layout-flex\">\n<div class=\"wp-block-column is-layout-flow wp-block-column-is-layout-flow\"><\/div>\n\n\n\n<div class=\"wp-block-column is-layout-flow wp-block-column-is-layout-flow\"><\/div>\n\n\n\n<div class=\"wp-block-column is-layout-flow wp-block-column-is-layout-flow\"><\/div>\n<\/div>\n<\/div>\n<\/div>\n\n\n\n<div class=\"wp-block-buttons is-content-justification-center is-layout-flex wp-container-core-buttons-is-layout-a89b3969 wp-block-buttons-is-layout-flex\">\n<div class=\"wp-block-button is-style-outline is-style-outline--4\"><a class=\"wp-block-button__link wp-element-button\" href=\"https:\/\/dev.goodseedeurope.com\/?page_id=132\">Andere Sprachen anschauen<\/a><\/div>\n<\/div>\n<\/div>\n\n\n\n<p><\/p>\n\n\n\n<div class=\"wp-block-group has-global-padding is-layout-constrained wp-container-core-group-is-layout-d5d53815 wp-block-group-is-layout-constrained\" style=\"border-width:1px;border-radius:6px;margin-top:0;margin-bottom:0;padding-top:var(--wp--preset--spacing--30);padding-right:var(--wp--preset--spacing--30);padding-bottom:var(--wp--preset--spacing--30);padding-left:var(--wp--preset--spacing--30)\">\n<div class=\"wp-block-columns is-layout-flex wp-container-core-columns-is-layout-28f84493 wp-block-columns-is-layout-flex\">\n<div class=\"wp-block-column is-layout-flow wp-block-column-is-layout-flow\">\n<p>Erg\u00e4nzend zu den B\u00fcchern haben wir auch Anschauungsmaterial, das bei der Durchf\u00fchrung von Kursen sehr hilfreich ist.<\/p>\n<\/div>\n\n\n\n<div class=\"wp-block-column is-layout-flow wp-block-column-is-layout-flow\">\n<figure class=\"wp-block-image size-large\"><img loading=\"lazy\" decoding=\"async\" width=\"1024\" height=\"939\" src=\"https:\/\/dev.goodseedeurope.com\/wp-content\/uploads\/2024\/12\/Tabernacle-Model-Kit__53549-1024x939.jpg\" alt=\"\" class=\"wp-image-98\" srcset=\"https:\/\/dev.goodseedeurope.com\/wp-content\/uploads\/2024\/12\/Tabernacle-Model-Kit__53549-1024x939.jpg 1024w, https:\/\/dev.goodseedeurope.com\/wp-content\/uploads\/2024\/12\/Tabernacle-Model-Kit__53549-300x275.jpg 300w, https:\/\/dev.goodseedeurope.com\/wp-content\/uploads\/2024\/12\/Tabernacle-Model-Kit__53549-768x704.jpg 768w, https:\/\/dev.goodseedeurope.com\/wp-content\/uploads\/2024\/12\/Tabernacle-Model-Kit__53549.jpg 1280w\" sizes=\"auto, (max-width: 1024px) 100vw, 1024px\" \/><\/figure>\n\n\n\n<div class=\"wp-block-columns is-layout-flex wp-container-core-columns-is-layout-28f84493 wp-block-columns-is-layout-flex\">\n<div class=\"wp-block-column is-layout-flow wp-block-column-is-layout-flow\"><\/div>\n\n\n\n<div class=\"wp-block-column is-layout-flow wp-block-column-is-layout-flow\"><\/div>\n\n\n\n<div class=\"wp-block-column is-layout-flow wp-block-column-is-layout-flow\"><\/div>\n<\/div>\n<\/div>\n<\/div>\n\n\n\n<div class=\"wp-block-buttons is-content-justification-center is-layout-flex wp-container-core-buttons-is-layout-a89b3969 wp-block-buttons-is-layout-flex\">\n<div class=\"wp-block-button is-style-outline is-style-outline--5\"><a class=\"wp-block-button__link wp-element-button\">Anschauungsmaterial anschauen<\/a><\/div>\n<\/div>\n<\/div>\n\n\n\n<p><\/p>\n\n\n\n<div class=\"wp-block-group has-global-padding is-layout-constrained wp-container-core-group-is-layout-d5d53815 wp-block-group-is-layout-constrained\" style=\"border-width:1px;border-radius:6px;margin-top:0;margin-bottom:0;padding-top:var(--wp--preset--spacing--30);padding-right:var(--wp--preset--spacing--30);padding-bottom:var(--wp--preset--spacing--30);padding-left:var(--wp--preset--spacing--30)\">\n<div class=\"wp-block-columns is-layout-flex wp-container-core-columns-is-layout-28f84493 wp-block-columns-is-layout-flex\">\n<div class=\"wp-block-column is-layout-flow wp-block-column-is-layout-flow\">\n<p>Um mehr dar\u00fcber zu erfahren, wie man das GoodSeed Material evangelistisch einsetzen kann, gehen Sie zu:<\/p>\n<\/div>\n\n\n\n<div class=\"wp-block-column is-layout-flow wp-block-column-is-layout-flow\">\n<figure class=\"wp-block-image size-full\"><img loading=\"lazy\" decoding=\"async\" width=\"400\" height=\"266\" src=\"https:\/\/dev.goodseedeurope.com\/wp-content\/uploads\/2024\/12\/giving-atp.jpg\" alt=\"\" class=\"wp-image-48\" srcset=\"https:\/\/dev.goodseedeurope.com\/wp-content\/uploads\/2024\/12\/giving-atp.jpg 400w, https:\/\/dev.goodseedeurope.com\/wp-content\/uploads\/2024\/12\/giving-atp-300x200.jpg 300w\" sizes=\"auto, (max-width: 400px) 100vw, 400px\" \/><\/figure>\n\n\n\n<div class=\"wp-block-columns is-layout-flex wp-container-core-columns-is-layout-28f84493 wp-block-columns-is-layout-flex\">\n<div class=\"wp-block-column is-layout-flow wp-block-column-is-layout-flow\"><\/div>\n\n\n\n<div class=\"wp-block-column is-layout-flow wp-block-column-is-layout-flow\"><\/div>\n\n\n\n<div class=\"wp-block-column is-layout-flow wp-block-column-is-layout-flow\"><\/div>\n<\/div>\n<\/div>\n<\/div>\n\n\n\n<div class=\"wp-block-buttons is-content-justification-center is-layout-flex wp-container-core-buttons-is-layout-a89b3969 wp-block-buttons-is-layout-flex\">\n<div class=\"wp-block-button is-style-outline is-style-outline--6\"><a class=\"wp-block-button__link wp-element-button\" href=\"https:\/\/dev.goodseedeurope.com\/?page_id=136\">Erfahren Sie mehr \u00fcber \u201eWeitergeben und Leiten\u201c<\/a><\/div>\n<\/div>\n<\/div>\n\n\n\n<figure class=\"wp-block-image alignfull size-large\"><img loading=\"lazy\" decoding=\"async\" width=\"1024\" height=\"393\" src=\"https:\/\/dev.goodseedeurope.com\/wp-content\/uploads\/2024\/12\/worldview-rethink-kit-1024x393.jpg\" alt=\"\" class=\"wp-image-60\" srcset=\"https:\/\/dev.goodseedeurope.com\/wp-content\/uploads\/2024\/12\/worldview-rethink-kit-1024x393.jpg 1024w, https:\/\/dev.goodseedeurope.com\/wp-content\/uploads\/2024\/12\/worldview-rethink-kit-300x115.jpg 300w, https:\/\/dev.goodseedeurope.com\/wp-content\/uploads\/2024\/12\/worldview-rethink-kit-768x295.jpg 768w, https:\/\/dev.goodseedeurope.com\/wp-content\/uploads\/2024\/12\/worldview-rethink-kit.jpg 1200w\" sizes=\"auto, (max-width: 1024px) 100vw, 1024px\" \/><\/figure>\n\n\n\n<h2 class=\"wp-block-heading alignwide has-text-align-center\">MATERIAL F\u00dcR J\u00dcNGERSCHAFT<\/h2>\n\n\n\n<p>Hier wollen wir davon berichten, wie Christen weltweit das Material von GoodSeed gebraucht haben, um anderen ein klares Verst\u00e4ndnis vom Evangelium zu vermitteln.<\/p>\n\n\n\n<h3 class=\"wp-block-heading alignfull has-text-align-center has-background\" style=\"background-color:#ffefb1\">Sie k\u00f6nnen es gebrauchen um die eigene Familie zu lehren<\/h3>\n\n\n\n<p>Es gibt viele Eltern und Gro\u00dfeltern, die die gute Nachricht den eigenen Kindern und Enkeln erz\u00e4hlen und dabei das GoodSeed Material nutzen.<br>So gehen einige von ihnen dabei vor:<\/p>\n\n\n\n<ul class=\"wp-block-list\">\n<li>F\u00fcr Kinder im Alter von 5-10 Jahren: \u201eDas Lamm\u201c Bilderbuch mit CD. Erwachsene lesen an 10 Tagen jeweils ein Kapitel vor. Nat\u00fcrlich kann man auch zwei Kapitel pro Tag oder sogar das ganze Buch an einem St\u00fcck vorlesen. Die Kinder sind dabei aktiv beteiligt, indem sie die Fragen am Ende des Kapitels beantworten und sich die Bilder anschauen. Die Erwachsenen k\u00f6nnen die Kinder auch bitten, die geh\u00f6rte Geschichte nachzuerz\u00e4hlen, um zu erkennen, ob sie alles richtig verstanden haben. Wenn sich das Kind ebenfalls die Audio CD anh\u00f6rt, l\u00e4sst sich dadurch der Inhalt noch mehr verfestigen.\ufdef<\/li>\n\n\n\n<li>Ab 10 Jahren empfehlen wir das Buch: \u201eDer Fremde auf dem Weg nach Emmaus\u201c. Eine Vorgehensweise ist, dass der Erwachsene t\u00e4glich, oder mehrmals in der Woche eine Zeit festlegt, um gemeinsam mit dem Kind laut aus dem Buch zu lesen. Oft lesen die Eltern die Erz\u00e4hlung vor, wohingegen die Kinder die Bibelstellen lesen. Dies erm\u00f6glicht, dass Kinder von Gottes Wort direkt ber\u00fchrt werden. Am Besten funktioniert es, wenn jeder ein eigenes Buch vor Augen hat, oder man sich zu zweit ein Buch teilt. Zum Lesen nehmen sich manche die Zeit nach dem Fr\u00fchst\u00fcck, andere nach dem Abendessen oder direkt vor dem Zubettgehen. Manche empfanden es an Wochenenden oder in den Ferien gewinnbringend, wenn man mehr Zeit an einem St\u00fcck zur Verf\u00fcgung hat. Es empfiehlt sich nach einem Abschnitt anzuhalten und die Kinder zu bitten, die wichtigsten Aussagen zusammenzufassen.<\/li>\n\n\n\n<li>F\u00fcr \u00e4ltere Kinder: \u201eDer Fremde auf dem Weg nach Emmaus\u201c. Wenn Ihre Kinder schon \u00e4lter sind oder das Buch lieber alleine lesen m\u00f6chten, dann geben Sie jedem ein eigenes Buch. Wenn Sie nur ein Buch haben, dann lesen sie es am besten zun\u00e4chst selbst und geben es anschlie\u00dfend an die Kinder weiter. Falls Sie allerdings mehrere haben, m\u00f6chten wir Sie ermutigen das Buch parallel mit Ihren Kindern zu lesen, damit der Inhalt auch bei Ihnen ganz frisch im Ged\u00e4chtnis ist. Es w\u00e4re gut, wenn Sie mit Ihren Kindern dar\u00fcber ins Gespr\u00e4ch kommen und auf vorhandene Fragen eingehen k\u00f6nnten. Von Ihrer Seite sollten Sie aber keine Fragen stellen, die dem Inhalt vorgreifen und erst an sp\u00e4terer Stelle im Buch behandelt werden. Wenn die Kinder das Buch durchgelesen haben, nehmen Sie sich bitte etwas Zeit, um sie zu fragen, was sie \u00fcber den Inhalt denken.<\/li>\n<\/ul>\n\n\n\n<h3 class=\"wp-block-heading alignfull has-text-align-center has-background\" style=\"background-color:#a7ddff\">GEBRAUCHEN SIE ES, UM DIE GEMEINDE ZU SCHULEN<\/h3>\n\n\n\n<p>In diesem Abschnitt, m\u00f6chten wir betrachten, wie Sie das Schulungsmaterial von GoodSeed daf\u00fcr nutzen k\u00f6nnen, um der eigenen Gemeinde ein klares Verst\u00e4ndnis vom Evangelium zu vermitteln und anschlie\u00dfend den Gl\u00e4ubigen dabei helfen k\u00f6nnen, selber das Evangelium weiterzugeben. Wir behaupten nicht, dass wir alle Antworten auf die vielen Herausforderungen haben, denen Gemeinden heute gegen\u00fcberstehen. Dennoch m\u00f6chten wir gerne einige Vorgehensweisen weitergeben, die sich in ganz unterschiedlichen Gemeinden gut bew\u00e4hrt haben.<\/p>\n\n\n\n<p>Dabei ist zu beachten, dass der der Schwerpunkt zun\u00e4chst auf J\u00fcngerschaft liegt. Aber zu guter Letzt kann man der Gemeinde praktische Ideen vermitteln, wie jeder einzelne aktiv evangelisieren kann.<\/p>\n\n\n\n<h6 class=\"wp-block-heading has-text-color has-link-color wp-elements-657726ae20cc74003cfb843f8461e862\" style=\"color:#439fe0\">Phase 1: \u201eVerfestigen\u201c- Ein starkes Fundament legen durch ein klares Verst\u00e4ndnis vom Evangelium<\/h6>\n\n\n\n<p>Zu Beginn der ersten Phase geht es darum, dass man der ganzen Gemeinde ein gemeinsames Fundament vom Evangelium vermittelt. Dies hat oft zur Folge, dass die Herzen von reiferen Gl\u00e4ubigen neu f\u00fcr die Wichtigkeit und die Kraft des Evangeliums entfacht werden (2. Petrus 1,12-13). Falls am Anfang nur ein Gruppenleiter zur Verf\u00fcgung steht, sollte dieser mit einer kleinen Gruppe beginnen, mit der er das Buch: \u201eDer Fremde auf dem Weg nach Emmaus\u201c durchliest. Sp\u00e4ter kann jeder dieser Teilnehmer selber eine neue Gruppe leiten und so weiter. Das sollte sooft wiederholt werden, bis soviel Gemeindemitglieder wie m\u00f6glich den Kurs durchgenommen haben.\ufdef<\/p>\n\n\n\n<p>Einmal berichtete uns ein Pastor, wie er in seiner Gemeinde vorgegangen ist. Zun\u00e4chst f\u00fchrte er den ersten Bibelkurs mit den Leitern der Gemeinde durch, w\u00e4hrend seine Frau einen Kurs mit den Ehefrauen dieser \u00c4ltesten hielt. Sie trafen sich einmal in der Woche f\u00fcr mehrere Stunden und beendeten den Kurs in acht Wochen. Anschlie\u00dfend leitete jeweils ein Ehepaar dieser Kurse einen neuen Kurs. Dies wurde sooft wiederholt, bis die ganze Gemeinde den Kurs durchgenommen hatte.<\/p>\n\n\n\n<p>Andere M\u00f6glichkeiten der praktischen Umsetzung:<\/p>\n\n\n\n<ul class=\"wp-block-list\">\n<li><strong>Hauskreise: <\/strong>Oftmals existiert in einer Gemeinde schon eine Kleingruppenstruktur. Man k\u00f6nnte daher alle Hauskreise ermutigen durch den Kurs zu gehen.<\/li>\n\n\n\n<li><strong>Gemeindefreizeiten: <\/strong>Man kann ein intensives Wochenende als Gemeinde erleben. Sinnvoll w\u00e4re es die Zeit von Freitag Abend bis Sonntag daf\u00fcr einzuplanen. Ein Freizeitheim w\u00fcrde eine gro\u00dfartige M\u00f6glichkeit bieten, um abzuschalten, sich intensiv mit dem Wort Gottes zu besch\u00e4ftigen und tiefe Gemeinschaft zu erleben.<\/li>\n\n\n\n<li><strong>Seminare:<\/strong> Manche haben den Kurs an drei aufeinanderfolgenden Samstagen, mit jeweils f\u00fcnf Stunden pro Tag durchgenommen. Andere haben jeweils drei Stunden am Donnerstag und Freitagabend und dann den ganzen Samstag daf\u00fcr verwendet. Eine andere M\u00f6glichkeit ist es, sich acht Wochen lang, einmal pro Woche, zu treffen.<\/li>\n\n\n\n<li><strong>Bibelstunde: <\/strong>Wenn Ihre Gemeinde eine Bibelstunde f\u00fcr Erwachsene anbietet, k\u00f6nnte man auch diese Zeit f\u00fcr einen Kurs nutzen.<\/li>\n<\/ul>\n\n\n\n<h6 class=\"wp-block-heading has-text-color has-link-color wp-elements-7716d0b3fc46b4d4b5838e3afe8d8af1\" style=\"color:#6db076\">PHASE 2: BESUCHER UND G\u00c4STE DER GEMEINDE ZU EINEM KURS EINLADEN<\/h6>\n\n\n\n<p>Suchen Sie Personen in der Gemeinde, die selbst durch den Bibelkurs gegangen sind und dazu bereit w\u00e4ren mit Besuchern der Gemeinde Kontakt aufzunehmen. Laden Sie die Besucher zu einem Bibelkurs ein, entweder eins-zu-eins oder in eine Kleingruppe. Im Laufe der Zeit, kann der Gruppenleiter die Besucher den Mitgliedern der Gemeinde vorstellen. Das Ziel ist, dass auf diese Weise Br\u00fccken zwischen den Besuchern und der Gemeinde gebaut werden. Am Ende eines Kurses, w\u00e4re es wichtig mit dem Besucher zu reden, um festzustellen, ob er die Botschaft richtig verstanden hat. Wenn noch Fragen vorhanden sind, k\u00f6nnen die Treffen fortgef\u00fchrt werden. Wenn ein Besucher die Botschaft verstanden hat, sollte man ihn dazu ermutigen weiter aus der Bibel zu lernen, indem er sich einem bestehenden Hauskreis anschlie\u00dft und die w\u00f6chentlichen Veranstaltungen besucht. Es w\u00e4re wichtig, dass er anfangs eine Bezugsperson aus der Gemeinde hat.<\/p>\n\n\n\n<h6 class=\"wp-block-heading has-text-color has-link-color wp-elements-7cb62cb91a48146dad46b5d85c9d8bdb\" style=\"color:#f9b644\">PHASE 2: BESUCHER UND G\u00c4STE DER GEMEINDE ZU EINEM KURS EINLADEN<\/h6>\n\n\n\n<p>Der Zweck einer Gemeinde ist es Salz und Licht f\u00fcr die Gesellschaft um uns herum zu sein. In der Bibel finden wir den Auftrag: \u201eGeht in die ganze Welt und verk\u00fcndet allen Menschen die gute Botschaft.\u201c Mk. 16,15. Es reicht also nicht lediglich Menschen in die Gemeinde zu bringen, sondern die Gemeinde muss auch aktiv in die Gesellschaft hinausgehen und dort das Evangelium verk\u00fcndigen.<\/p>\n\n\n\n<p>Im Folgenden ein paar Ideen, die sich bereits bew\u00e4hrt haben:<\/p>\n\n\n\n<ul class=\"wp-block-list\">\n<li>Hausbibelkreise: Ermutigen Sie Ihre Gemeinde dazu Freunde, Familienangh\u00f6rige, Nachbarn und Arbeitskollegen zu einem Kurs bei sich Zuhause einzuladen. Manche Menschen w\u00fcrden zwar keinen Fu\u00df in eine Gemeinde setzen, w\u00e4ren aber gern bereit zu einem Freund nach Hause zu kommen, um etwas \u00fcber die Bibel zu lernen.<\/li>\n\n\n\n<li>Kurse \u00f6ffentlich anbieten: Wenn die Gemeinde das Evangelium in ihr Umfeld tr\u00e4gt, kann es eine gute M\u00f6glichkeit sein Kurse in Bibliotheken, Alten- und Pflegeheimen, Schulen und nat\u00fcrlich in den eigenen Gemeinder\u00e4umlichkeiten anzubieten.<\/li>\n<\/ul>\n\n\n\n<p>F\u00fcr weitere Informationen wie Sie das Schulungsmaterial z.B. auf Kurzzeiteins\u00e4tzen, f\u00fcr Senioren oder in Gef\u00e4ngnissen einsetzen k\u00f6nnen, nehmen Sie bitte mit unseren Mitarbeitern im GoodSeed B\u00fcro Kontakt auf.<\/p>\n","protected":false},"excerpt":{"rendered":"<p>Die Medien von GoodSeed wurden insbesondere f\u00fcr Evangelisation und J\u00fcngerschaft entworfen. In deutscher Sprache sind momentan folgende B\u00fccher erh\u00e4ltlich: Sollten Sie jedoch Freunde oder Bekannte haben, deren Muttersprache nicht Deutsch ist, dann werfen Sie einen Blick auf unsere anderen Sprachen. Erg\u00e4nzend zu den B\u00fcchern haben wir auch Anschauungsmaterial, das bei der Durchf\u00fchrung von Kursen sehr [&hellip;]<\/p>\n","protected":false},"author":1,"featured_media":0,"parent":0,"menu_order":2,"comment_status":"closed","ping_status":"closed","template":"","meta":{"footnotes":""},"class_list":["post-13","page","type-page","status-publish","hentry"],"_links":{"self":[{"href":"https:\/\/dev.goodseedeurope.com\/index.php?rest_route=\/wp\/v2\/pages\/13","targetHints":{"allow":["GET"]}}],"collection":[{"href":"https:\/\/dev.goodseedeurope.com\/index.php?rest_route=\/wp\/v2\/pages"}],"about":[{"href":"https:\/\/dev.goodseedeurope.com\/index.php?rest_route=\/wp\/v2\/types\/page"}],"author":[{"embeddable":true,"href":"https:\/\/dev.goodseedeurope.com\/index.php?rest_route=\/wp\/v2\/users\/1"}],"replies":[{"embeddable":true,"href":"https:\/\/dev.goodseedeurope.com\/index.php?rest_route=%2Fwp%2Fv2%2Fcomments&post=13"}],"version-history":[{"count":8,"href":"https:\/\/dev.goodseedeurope.com\/index.php?rest_route=\/wp\/v2\/pages\/13\/revisions"}],"predecessor-version":[{"id":143,"href":"https:\/\/dev.goodseedeurope.com\/index.php?rest_route=\/wp\/v2\/pages\/13\/revisions\/143"}],"wp:attachment":[{"href":"https:\/\/dev.goodseedeurope.com\/index.php?rest_route=%2Fwp%2Fv2%2Fmedia&parent=13"}],"curies":[{"name":"wp","href":"https:\/\/api.w.org\/{rel}","templated":true}]}}