{"id":136,"date":"2024-12-19T22:54:28","date_gmt":"2024-12-19T22:54:28","guid":{"rendered":"https:\/\/dev.goodseedeurope.com\/?page_id=136"},"modified":"2024-12-19T23:28:32","modified_gmt":"2024-12-19T23:28:32","slug":"weitergeben-und-leiten","status":"publish","type":"page","link":"https:\/\/dev.goodseedeurope.com\/?page_id=136","title":{"rendered":"Wie man dad material von GoodSeed einsetzt\u2013weitergeben und leiten"},"content":{"rendered":"\n<figure class=\"wp-block-image alignfull size-large\"><img loading=\"lazy\" decoding=\"async\" width=\"1024\" height=\"416\" src=\"https:\/\/dev.goodseedeurope.com\/wp-content\/uploads\/2024\/12\/guiding-1024x416.jpg\" alt=\"\" class=\"wp-image-50\" srcset=\"https:\/\/dev.goodseedeurope.com\/wp-content\/uploads\/2024\/12\/guiding-1024x416.jpg 1024w, https:\/\/dev.goodseedeurope.com\/wp-content\/uploads\/2024\/12\/guiding-300x122.jpg 300w, https:\/\/dev.goodseedeurope.com\/wp-content\/uploads\/2024\/12\/guiding-768x312.jpg 768w, https:\/\/dev.goodseedeurope.com\/wp-content\/uploads\/2024\/12\/guiding-1536x624.jpg 1536w, https:\/\/dev.goodseedeurope.com\/wp-content\/uploads\/2024\/12\/guiding.jpg 1600w\" sizes=\"auto, (max-width: 1024px) 100vw, 1024px\" \/><\/figure>\n\n\n\n<p>Die Bibel fordert uns heraus \u201ejederzeit bereit zu sein, jedem Rede und Antwort zu stehen, der euch auffordert, Auskunft \u00fcber die Hoffnung zu geben, die euch erf\u00fcllt.\u201c (1. Petrus 3,15)<\/p>\n\n\n\n<p>Obwohl viele von uns wissen, dass wir dazu aufgefordert sind anderen die Gute Nachricht weiterzusagen, trifft es ebenfalls zu, dass sich nicht jeder daf\u00fcr begabt empfindet. Die meisten wissen einfach nicht was sie sagen oder machen sollen.<\/p>\n\n\n\n<p>Deswegen m\u00f6chten wir an dieser Stelle gerne zwei M\u00f6glichkeiten aufzeigen, wie Christen auf der ganzen Welt die Frohe Botschaft der Bibel weitersagen. Beide Wege sind leicht ausf\u00fchrbar und k\u00f6nnen von den meisten Menschen ganz einfach durchgef\u00fchrt werden.<\/p>\n\n\n\n<h4 class=\"wp-block-heading alignfull has-text-align-center has-background\" style=\"background-color:#ffefb1\">Die Gute Nachricht weitergeben<\/h4>\n\n\n\n<p>Zum einen kann man einfach ein Buch verschenken.<\/p>\n\n\n\n<p>Unsere B\u00fccher sind so konzipiert, dass sie das Evangelium einfach erkl\u00e4ren. Ein Vorteil hierbei ist, dass der Beschenkte sich in seiner eigenen Privatsph\u00e4re soviel Zeit nehmen kann, wie er braucht, um das Evangelium zu verstehen. Wir durften beobachten, dass sich viele Menschen dem Herrn Jesus Christus anvertraut haben, weil jemand ihnen ein Buch geschenkt hat.<\/p>\n\n\n\n<p>Es erfordert nur ein paar ganz einfache Vorkehrungen, damit man gewappnet ist das Evangelium weiterzugeben:<\/p>\n\n\n\n<p>1. Packen einer \u201eSei bereit Box\u201c<\/p>\n\n\n\n<p>Am besten ist es stets eine Box mit evangelistischer Literatur parat zu haben. Wir nennen dies eine \u201eSei bereit Box\u201c. Diese \u201eSei bereit Box\u201c ist einfach irgendein Beh\u00e4ltnis, in dem man die Literatur aufbewahren kann.<\/p>\n\n\n\n<ul class=\"wp-block-list\">\n<li>Ein stabiler Pappkarton<\/li>\n\n\n\n<li>Arbeitstasche oder Rucksack<\/li>\n\n\n\n<li>Das Handschuhfach<\/li>\n\n\n\n<li>Ein Regal zu Hause<\/li>\n<\/ul>\n\n\n\n<figure class=\"wp-block-image size-large\"><img loading=\"lazy\" decoding=\"async\" width=\"1024\" height=\"825\" src=\"https:\/\/dev.goodseedeurope.com\/wp-content\/uploads\/2024\/12\/be-ready-box-1024x825.jpg\" alt=\"\" class=\"wp-image-30\" srcset=\"https:\/\/dev.goodseedeurope.com\/wp-content\/uploads\/2024\/12\/be-ready-box-1024x825.jpg 1024w, https:\/\/dev.goodseedeurope.com\/wp-content\/uploads\/2024\/12\/be-ready-box-300x242.jpg 300w, https:\/\/dev.goodseedeurope.com\/wp-content\/uploads\/2024\/12\/be-ready-box-768x619.jpg 768w, https:\/\/dev.goodseedeurope.com\/wp-content\/uploads\/2024\/12\/be-ready-box.jpg 1232w\" sizes=\"auto, (max-width: 1024px) 100vw, 1024px\" \/><\/figure>\n\n\n\n<p>Um die Box richtig zu f\u00fcllen muss man sich zun\u00e4chst \u00fcberlegen welchen Menschen man im Alltag begegnet. Anschlie\u00dfend w\u00e4hlt man die B\u00fccher aus, die f\u00fcr diese Leute passend sind. Neben Literatur in der eigenen Sprache sollte man auch an \u00dcbersetzungen denken, die f\u00fcr fremdsprachige Menschen in der Stadt hilfreich sein k\u00f6nnten. Wenn man beispielsweise Menschen aus Asien, oder dem mittleren Osten in seiner Nachbarschaft wohnen hat, k\u00f6nnte man B\u00fccher auf arabisch, chinesisch oder koreanisch einpacken.<\/p>\n\n\n\n<p>Am besten ist es die Box an einem Ort zu postieren, wo man Leute trifft. Dann kann man ins Gespr\u00e4ch kommen und das Evangelium weitergeben. Ein paar M\u00f6glichkeiten w\u00e4ren:<\/p>\n\n\n\n<ul id=\"u1680-40\" class=\"wp-block-list\">\n<li>In der N\u00e4he der Haust\u00fcr, wenn Vertreter, Nachbarn oder Freunde vorbeikommen<\/li>\n\n\n\n<li>Im Auto f\u00fcr die Bedienung im Restaurant, oder in der Tankstelle<\/li>\n\n\n\n<li>Im Rucksack f\u00fcr den Fall, wenn man mit dem Bus, Zug oder Flugzeug unterwegs ist und mit einem Mitreisenden ins Gespr\u00e4ch kommt<\/li>\n\n\n\n<li>Im B\u00fcro f\u00fcr Kollegen oder Gesch\u00e4ftspartner<\/li>\n<\/ul>\n\n\n\n<p id=\"u1680-43\">2. F\u00fcr M\u00f6glichkeiten beten<\/p>\n\n\n\n<p>Bitten Sie Gott um eine Person, der Sie das Evangelium weitergeben k\u00f6nnen und halten Sie dann Ausschau, wen Gott Ihnen \u00fcber den Weg schickt.<\/p>\n\n\n\n<h4 class=\"wp-block-heading alignfull has-text-align-center has-pale-cyan-blue-background-color has-background has-x-large-font-size\">Jemanden durch das Evangelium leiten<\/h4>\n\n\n\n<p>Man kann einfach ein Buch mit jemandem lesen.<\/p>\n\n\n\n<p>Manchen Menschen erscheint es nahezu unm\u00f6glich jemand anderem den Inhalt der Bibel zu vermitteln. Diese Menschen haben soetwas vielleicht noch nie gemacht, sind ein bisschen sch\u00fcchtern, oder wissen einfach nicht, wie man beginnen soll. Wie auch immer, viele Menschen berichten davon, dass sie das Evangelium verstanden haben, weil ein Freund es mit ihnen zusammen gelesen hat. Aber wie haben sie das gemacht?<\/p>\n\n\n\n<p>Die B\u00fccher von GoodSeed wurden extra so geschrieben, dass sie laut gelesen werden k\u00f6nnen. Deswegen haben sich viele einfach hingesetzt und gemeinsam mit ihrem Bekanten ein GoodSeed Buch gelesen. Man kann es so aufteilen, das einer den Text und der andere die Bibelverse liest. Nachdem sie dann das ganze Buch gelesen haben, tauschten sie sich \u00fcber den Inhalt aus. Oftmals versteht man die Dinge besser, wenn man sie mit jemandem durchsprechen kann.<\/p>\n\n\n\n<figure class=\"wp-block-image size-full\"><img loading=\"lazy\" decoding=\"async\" width=\"500\" height=\"348\" src=\"https:\/\/dev.goodseedeurope.com\/wp-content\/uploads\/2024\/12\/womens-study.jpg\" alt=\"\" class=\"wp-image-59\" srcset=\"https:\/\/dev.goodseedeurope.com\/wp-content\/uploads\/2024\/12\/womens-study.jpg 500w, https:\/\/dev.goodseedeurope.com\/wp-content\/uploads\/2024\/12\/womens-study-300x209.jpg 300w\" sizes=\"auto, (max-width: 500px) 100vw, 500px\" \/><\/figure>\n\n\n\n<p>Wir sagen gerne: \u201eWenn du lesen kannst, kannst du leiten.\u201c So ist es ganz einfach m\u00f6glich einem Freund das Evangelium zu erkl\u00e4ren, indem man sich mit ihm zusammensetzt und gemeinsam liest.<\/p>\n\n\n\n<p>Wenn man einen Freund durch das Evangelium leitet, empfiehlt es sich dies m\u00f6glichst ohne lange Unterbrechungen zu tun. Dies hat den Vorteil, dass man den Zusammenhang der biblischen Erz\u00e4hlung stets im Ged\u00e4chtnis hat. Im Folgenden gibt es noch weitere Ideen, wie man die B\u00fccher einsetzen kann:<\/p>\n\n\n\n<ul id=\"u1692-27\" class=\"wp-block-list\">\n<li>Einsatz in einer Kleingruppe<\/li>\n\n\n\n<li>Leiten Sie einen Freund, Familienmitglied oder Nachbarn durch das Evangelium<\/li>\n\n\n\n<li>Als Ehepaar kann man gemeinsam mit einem anderen Paar lesen<\/li>\n\n\n\n<li>Man kann neue Besucher im Gottesdienst zu einem Kurs einladen<\/li>\n\n\n\n<li>In der Mittagspause mit einem Kollegen<\/li>\n<\/ul>\n\n\n\n<p>Wenn Sie weitere Informationen, oder eine Schulung zum Thema \u201eWeitergeben und Leiten\u201c w\u00fcnschen, nehmen Sie bitte Kontakt mit uns auf.<\/p>\n\n\n\n<p><\/p>\n","protected":false},"excerpt":{"rendered":"<p>Die Bibel fordert uns heraus \u201ejederzeit bereit zu sein, jedem Rede und Antwort zu stehen, der euch auffordert, Auskunft \u00fcber die Hoffnung zu geben, die euch erf\u00fcllt.\u201c (1. Petrus 3,15) Obwohl viele von uns wissen, dass wir dazu aufgefordert sind anderen die Gute Nachricht weiterzusagen, trifft es ebenfalls zu, dass sich nicht jeder daf\u00fcr begabt [&hellip;]<\/p>\n","protected":false},"author":1,"featured_media":0,"parent":0,"menu_order":0,"comment_status":"closed","ping_status":"closed","template":"","meta":{"footnotes":""},"class_list":["post-136","page","type-page","status-publish","hentry"],"_links":{"self":[{"href":"https:\/\/dev.goodseedeurope.com\/index.php?rest_route=\/wp\/v2\/pages\/136","targetHints":{"allow":["GET"]}}],"collection":[{"href":"https:\/\/dev.goodseedeurope.com\/index.php?rest_route=\/wp\/v2\/pages"}],"about":[{"href":"https:\/\/dev.goodseedeurope.com\/index.php?rest_route=\/wp\/v2\/types\/page"}],"author":[{"embeddable":true,"href":"https:\/\/dev.goodseedeurope.com\/index.php?rest_route=\/wp\/v2\/users\/1"}],"replies":[{"embeddable":true,"href":"https:\/\/dev.goodseedeurope.com\/index.php?rest_route=%2Fwp%2Fv2%2Fcomments&post=136"}],"version-history":[{"count":5,"href":"https:\/\/dev.goodseedeurope.com\/index.php?rest_route=\/wp\/v2\/pages\/136\/revisions"}],"predecessor-version":[{"id":145,"href":"https:\/\/dev.goodseedeurope.com\/index.php?rest_route=\/wp\/v2\/pages\/136\/revisions\/145"}],"wp:attachment":[{"href":"https:\/\/dev.goodseedeurope.com\/index.php?rest_route=%2Fwp%2Fv2%2Fmedia&parent=136"}],"curies":[{"name":"wp","href":"https:\/\/api.w.org\/{rel}","templated":true}]}}