{"id":88,"date":"2024-12-18T19:22:56","date_gmt":"2024-12-18T19:22:56","guid":{"rendered":"https:\/\/dev.goodseedeurope.com\/?page_id=88"},"modified":"2024-12-18T19:22:56","modified_gmt":"2024-12-18T19:22:56","slug":"goodseed-unterstutzen","status":"publish","type":"page","link":"https:\/\/dev.goodseedeurope.com\/?page_id=88","title":{"rendered":"GoodSeed unterst\u00fctzen"},"content":{"rendered":"\n<figure class=\"wp-block-image alignfull size-large\"><img loading=\"lazy\" decoding=\"async\" width=\"1024\" height=\"528\" src=\"https:\/\/dev.goodseedeurope.com\/wp-content\/uploads\/2024\/12\/holding-leaves-1024x528.jpg\" alt=\"\" class=\"wp-image-52\" srcset=\"https:\/\/dev.goodseedeurope.com\/wp-content\/uploads\/2024\/12\/holding-leaves-1024x528.jpg 1024w, https:\/\/dev.goodseedeurope.com\/wp-content\/uploads\/2024\/12\/holding-leaves-300x155.jpg 300w, https:\/\/dev.goodseedeurope.com\/wp-content\/uploads\/2024\/12\/holding-leaves-768x396.jpg 768w, https:\/\/dev.goodseedeurope.com\/wp-content\/uploads\/2024\/12\/holding-leaves.jpg 1200w\" sizes=\"auto, (max-width: 1024px) 100vw, 1024px\" \/><\/figure>\n\n\n\n<p>GoodSeed ist ein Glaubenswerk, das auf einem Netzwerk von finanziellen Unterst\u00fctzern beruht, da die Verkaufserl\u00f6se f\u00fcr den Druck von Literatur oder neue \u00dcbersetzungsprojekte verwendet werden.<\/p>\n\n\n\n<div class=\"wp-block-columns has-pale-cyan-blue-background-color has-background is-layout-flex wp-container-core-columns-is-layout-28f84493 wp-block-columns-is-layout-flex\">\n<div class=\"wp-block-column is-layout-flow wp-block-column-is-layout-flow\" style=\"flex-basis:33.33%\">\n<p>PROJEKTE<\/p>\n<\/div>\n\n\n\n<div class=\"wp-block-column is-layout-flow wp-block-column-is-layout-flow\" style=\"flex-basis:66.66%\">\n<p>Um ein bestimmtes Projekt zu unterst\u00fctzen, fragen Sie bitte in unserem B\u00fcro nach der Projektliste.<\/p>\n<\/div>\n<\/div>\n\n\n\n<div class=\"wp-block-columns has-light-green-cyan-background-color has-background is-layout-flex wp-container-core-columns-is-layout-28f84493 wp-block-columns-is-layout-flex\">\n<div class=\"wp-block-column is-layout-flow wp-block-column-is-layout-flow\" style=\"flex-basis:33.33%\">\n<p>SPENDEN<\/p>\n<\/div>\n\n\n\n<div class=\"wp-block-column is-layout-flow wp-block-column-is-layout-flow\" style=\"flex-basis:66.66%\">\n<p>Wenn Sie an GoodSeed Europe spenden m\u00f6chten, benutzen Sie daf\u00fcr bitte diese Bankverbindung:<\/p>\n\n\n\n<p>GoodSeed Europe e.V.<\/p>\n\n\n\n<p>IBAN: DE78 4436 1342 5100 9988 00<\/p>\n\n\n\n<p>BIC: GENODEM1KWK<\/p>\n\n\n\n<p>oder mit PayPal spenden: <\/p>\n\n\n\n<figure class=\"wp-block-image size-full\"><a href=\"https:\/\/www.paypal.com\/paypalme\/GSEuropa\"><img loading=\"lazy\" decoding=\"async\" width=\"126\" height=\"47\" src=\"https:\/\/dev.goodseedeurope.com\/wp-content\/uploads\/2024\/12\/btn_donatecc_lg.gif\" alt=\"\" class=\"wp-image-89\"\/><\/a><\/figure>\n\n\n\n<p>(Spenden sind bis zu 20 % steuerlich absetzbar.)<\/p>\n<\/div>\n<\/div>\n","protected":false},"excerpt":{"rendered":"<p>GoodSeed ist ein Glaubenswerk, das auf einem Netzwerk von finanziellen Unterst\u00fctzern beruht, da die Verkaufserl\u00f6se f\u00fcr den Druck von Literatur oder neue \u00dcbersetzungsprojekte verwendet werden. PROJEKTE Um ein bestimmtes Projekt zu unterst\u00fctzen, fragen Sie bitte in unserem B\u00fcro nach der Projektliste. SPENDEN Wenn Sie an GoodSeed Europe spenden m\u00f6chten, benutzen Sie daf\u00fcr bitte diese Bankverbindung: [&hellip;]<\/p>\n","protected":false},"author":1,"featured_media":0,"parent":0,"menu_order":0,"comment_status":"closed","ping_status":"closed","template":"","meta":{"footnotes":""},"class_list":["post-88","page","type-page","status-publish","hentry"],"_links":{"self":[{"href":"https:\/\/dev.goodseedeurope.com\/index.php?rest_route=\/wp\/v2\/pages\/88","targetHints":{"allow":["GET"]}}],"collection":[{"href":"https:\/\/dev.goodseedeurope.com\/index.php?rest_route=\/wp\/v2\/pages"}],"about":[{"href":"https:\/\/dev.goodseedeurope.com\/index.php?rest_route=\/wp\/v2\/types\/page"}],"author":[{"embeddable":true,"href":"https:\/\/dev.goodseedeurope.com\/index.php?rest_route=\/wp\/v2\/users\/1"}],"replies":[{"embeddable":true,"href":"https:\/\/dev.goodseedeurope.com\/index.php?rest_route=%2Fwp%2Fv2%2Fcomments&post=88"}],"version-history":[{"count":1,"href":"https:\/\/dev.goodseedeurope.com\/index.php?rest_route=\/wp\/v2\/pages\/88\/revisions"}],"predecessor-version":[{"id":90,"href":"https:\/\/dev.goodseedeurope.com\/index.php?rest_route=\/wp\/v2\/pages\/88\/revisions\/90"}],"wp:attachment":[{"href":"https:\/\/dev.goodseedeurope.com\/index.php?rest_route=%2Fwp%2Fv2%2Fmedia&parent=88"}],"curies":[{"name":"wp","href":"https:\/\/api.w.org\/{rel}","templated":true}]}}